{"id":24,"date":"2018-01-27T09:58:38","date_gmt":"2018-01-27T08:58:38","guid":{"rendered":"http:\/\/christelleesthetique-lachapelle.fr\/?page_id=24"},"modified":"2021-10-13T19:23:57","modified_gmt":"2021-10-13T17:23:57","slug":"contact","status":"publish","type":"page","link":"https:\/\/christelleesthetique-lachapelle.fr\/index.php\/contact\/","title":{"rendered":"Contact"},"content":{"rendered":"\t\t<div data-elementor-type=\"wp-post\" data-elementor-id=\"24\" class=\"elementor elementor-24\" data-elementor-post-type=\"page\">\n\t\t\t\t\t\t<section class=\"elementor-section elementor-top-section elementor-element elementor-element-bd92fd2 elementor-section-boxed elementor-section-height-default elementor-section-height-default\" data-id=\"bd92fd2\" data-element_type=\"section\">\n\t\t\t\t\t\t<div class=\"elementor-container elementor-column-gap-default\">\n\t\t\t\t\t<div class=\"elementor-column elementor-col-100 elementor-top-column elementor-element elementor-element-52d752a\" data-id=\"52d752a\" data-element_type=\"column\">\n\t\t\t<div class=\"elementor-widget-wrap\">\n\t\t\t\t\t\t\t<\/div>\n\t\t<\/div>\n\t\t\t\t\t<\/div>\n\t\t<\/section>\n\t\t\t\t<section class=\"elementor-section elementor-top-section elementor-element elementor-element-b3c6e36 elementor-section-boxed elementor-section-height-default elementor-section-height-default\" data-id=\"b3c6e36\" data-element_type=\"section\" data-settings=\"{&quot;background_background&quot;:&quot;classic&quot;}\">\n\t\t\t\t\t\t<div class=\"elementor-container elementor-column-gap-default\">\n\t\t\t\t\t<div class=\"elementor-column elementor-col-50 elementor-top-column elementor-element elementor-element-d97d94e\" data-id=\"d97d94e\" data-element_type=\"column\">\n\t\t\t<div class=\"elementor-widget-wrap\">\n\t\t\t\t\t\t\t<\/div>\n\t\t<\/div>\n\t\t\t\t<div class=\"elementor-column elementor-col-50 elementor-top-column elementor-element elementor-element-9212b6f\" data-id=\"9212b6f\" data-element_type=\"column\">\n\t\t\t<div class=\"elementor-widget-wrap elementor-element-populated\">\n\t\t\t\t\t\t<div class=\"elementor-element elementor-element-97822b8 elementor-widget elementor-widget-image\" data-id=\"97822b8\" data-element_type=\"widget\" data-widget_type=\"image.default\">\n\t\t\t\t<div class=\"elementor-widget-container\">\n\t\t\t\t\t\t\t\t\t\t\t\t\t\t\t<img fetchpriority=\"high\" decoding=\"async\" width=\"777\" height=\"1024\" src=\"https:\/\/christelleesthetique-lachapelle.fr\/wp-content\/uploads\/2018\/04\/contact-777x1024.png\" class=\"attachment-large size-large wp-image-991\" alt=\"\" srcset=\"https:\/\/christelleesthetique-lachapelle.fr\/wp-content\/uploads\/2018\/04\/contact.png 777w, https:\/\/christelleesthetique-lachapelle.fr\/wp-content\/uploads\/2018\/04\/contact-228x300.png 228w, https:\/\/christelleesthetique-lachapelle.fr\/wp-content\/uploads\/2018\/04\/contact-768x1012.png 768w, https:\/\/christelleesthetique-lachapelle.fr\/wp-content\/uploads\/2018\/04\/contact-114x150.png 114w, https:\/\/christelleesthetique-lachapelle.fr\/wp-content\/uploads\/2018\/04\/contact-350x461.png 350w\" sizes=\"(max-width: 777px) 100vw, 777px\" \/>\t\t\t\t\t\t\t\t\t\t\t\t\t\t\t<\/div>\n\t\t\t\t<\/div>\n\t\t\t\t\t<\/div>\n\t\t<\/div>\n\t\t\t\t\t<\/div>\n\t\t<\/section>\n\t\t\t\t<section class=\"elementor-section elementor-top-section elementor-element elementor-element-43db01c elementor-section-boxed elementor-section-height-default elementor-section-height-default\" data-id=\"43db01c\" data-element_type=\"section\">\n\t\t\t\t\t\t<div class=\"elementor-container elementor-column-gap-default\">\n\t\t\t\t\t<div class=\"elementor-column elementor-col-50 elementor-top-column elementor-element elementor-element-f37b99f\" data-id=\"f37b99f\" data-element_type=\"column\">\n\t\t\t<div class=\"elementor-widget-wrap elementor-element-populated\">\n\t\t\t\t\t\t<div class=\"elementor-element elementor-element-2783718 elementor-widget elementor-widget-heading\" data-id=\"2783718\" data-element_type=\"widget\" data-widget_type=\"heading.default\">\n\t\t\t\t<div class=\"elementor-widget-container\">\n\t\t\t\t\t<h4 class=\"elementor-heading-title elementor-size-default\">Adresse:<\/h4>\t\t\t\t<\/div>\n\t\t\t\t<\/div>\n\t\t\t\t<div class=\"elementor-element elementor-element-3016da9 elementor-widget elementor-widget-text-editor\" data-id=\"3016da9\" data-element_type=\"widget\" data-widget_type=\"text-editor.default\">\n\t\t\t\t<div class=\"elementor-widget-container\">\n\t\t\t\t\t\t\t\t\t<p>Christelle Esth\u00e9tique<br \/>5 bis, rue du Chauchy<br \/>41230 La Chapelle Montmartin<br \/>06 71 42 04 54<\/p>\t\t\t\t\t\t\t\t<\/div>\n\t\t\t\t<\/div>\n\t\t\t\t\t<\/div>\n\t\t<\/div>\n\t\t\t\t<div class=\"elementor-column elementor-col-50 elementor-top-column elementor-element elementor-element-52f675b\" data-id=\"52f675b\" data-element_type=\"column\">\n\t\t\t<div class=\"elementor-widget-wrap elementor-element-populated\">\n\t\t\t\t\t\t<div class=\"elementor-element elementor-element-c200631 elementor-widget elementor-widget-text-editor\" data-id=\"c200631\" data-element_type=\"widget\" data-widget_type=\"text-editor.default\">\n\t\t\t\t<div class=\"elementor-widget-container\">\n\t\t\t\t\t\t\t\t\t<p>\u00a0<\/p><p style=\"text-align: center;\"><span style=\"font-size: 24pt;\">Sur <strong>rendez-vous<\/strong> uniquement<\/span><br \/><br \/><span style=\"font-size: 24pt;\">du lundi au samedi matin<\/span><\/p>\t\t\t\t\t\t\t\t<\/div>\n\t\t\t\t<\/div>\n\t\t\t\t\t<\/div>\n\t\t<\/div>\n\t\t\t\t\t<\/div>\n\t\t<\/section>\n\t\t\t\t<section class=\"elementor-section elementor-top-section elementor-element elementor-element-b37adff elementor-section-boxed elementor-section-height-default elementor-section-height-default\" data-id=\"b37adff\" data-element_type=\"section\">\n\t\t\t\t\t\t<div class=\"elementor-container elementor-column-gap-default\">\n\t\t\t\t\t<div class=\"elementor-column elementor-col-100 elementor-top-column elementor-element elementor-element-ba35a18\" data-id=\"ba35a18\" data-element_type=\"column\">\n\t\t\t<div class=\"elementor-widget-wrap elementor-element-populated\">\n\t\t\t\t\t\t<div class=\"elementor-element elementor-element-065ad8e elementor-widget elementor-widget-google_maps\" data-id=\"065ad8e\" data-element_type=\"widget\" data-widget_type=\"google_maps.default\">\n\t\t\t\t<div class=\"elementor-widget-container\">\n\t\t\t\t\t\t\t<div class=\"elementor-custom-embed\">\n\t\t\t<iframe loading=\"lazy\"\n\t\t\t\t\tsrc=\"https:\/\/maps.google.com\/maps?q=La%20Chapelle%20Montmartin%2C%205%20bis%20rue%20du%20Chauchy&#038;t=m&#038;z=12&#038;output=embed&#038;iwloc=near\"\n\t\t\t\t\ttitle=\"La Chapelle Montmartin, 5 bis rue du Chauchy\"\n\t\t\t\t\taria-label=\"La Chapelle Montmartin, 5 bis rue du Chauchy\"\n\t\t\t><\/iframe>\n\t\t<\/div>\n\t\t\t\t\t\t<\/div>\n\t\t\t\t<\/div>\n\t\t\t\t\t<\/div>\n\t\t<\/div>\n\t\t\t\t\t<\/div>\n\t\t<\/section>\n\t\t\t\t<\/div>\n\t\t","protected":false},"excerpt":{"rendered":"<p>Pour toute demande d&rsquo;information sur les soins, de forfait personnalis\u00e9, de rendez-vous &#8230; n&rsquo;h\u00e9sitez pas \u00e0 me contacter ! Votre nom* Votre pr\u00e9nom* Votre adresse de messagerie* Votre t\u00e9l\u00e9phone Objet* Votre message* Adresse: Christelle Esth\u00e9tique5 bis, rue du Chauchy41230 La Chapelle Montmartin06 71 42 04 54 \u00a0 Sur rendez-vous uniquement\u2026<\/p>\n<p> <a class=\"continue-reading-link\" href=\"https:\/\/christelleesthetique-lachapelle.fr\/index.php\/contact\/\"><span>Continue reading<\/span><i class=\"crycon-right-dir\"><\/i><\/a> <\/p>\n","protected":false},"author":1,"featured_media":0,"parent":0,"menu_order":0,"comment_status":"closed","ping_status":"closed","template":"","meta":{"footnotes":""},"class_list":["post-24","page","type-page","status-publish","hentry"],"_links":{"self":[{"href":"https:\/\/christelleesthetique-lachapelle.fr\/index.php\/wp-json\/wp\/v2\/pages\/24","targetHints":{"allow":["GET"]}}],"collection":[{"href":"https:\/\/christelleesthetique-lachapelle.fr\/index.php\/wp-json\/wp\/v2\/pages"}],"about":[{"href":"https:\/\/christelleesthetique-lachapelle.fr\/index.php\/wp-json\/wp\/v2\/types\/page"}],"author":[{"embeddable":true,"href":"https:\/\/christelleesthetique-lachapelle.fr\/index.php\/wp-json\/wp\/v2\/users\/1"}],"replies":[{"embeddable":true,"href":"https:\/\/christelleesthetique-lachapelle.fr\/index.php\/wp-json\/wp\/v2\/comments?post=24"}],"version-history":[{"count":51,"href":"https:\/\/christelleesthetique-lachapelle.fr\/index.php\/wp-json\/wp\/v2\/pages\/24\/revisions"}],"predecessor-version":[{"id":1732,"href":"https:\/\/christelleesthetique-lachapelle.fr\/index.php\/wp-json\/wp\/v2\/pages\/24\/revisions\/1732"}],"wp:attachment":[{"href":"https:\/\/christelleesthetique-lachapelle.fr\/index.php\/wp-json\/wp\/v2\/media?parent=24"}],"curies":[{"name":"wp","href":"https:\/\/api.w.org\/{rel}","templated":true}]}}