{"id":381,"date":"2018-02-23T10:21:40","date_gmt":"2018-02-23T09:21:40","guid":{"rendered":"http:\/\/christelleesthetique-lachapelle.fr\/?page_id=381"},"modified":"2025-10-23T18:58:37","modified_gmt":"2025-10-23T16:58:37","slug":"promos-en-cours-2","status":"publish","type":"page","link":"https:\/\/christelleesthetique-lachapelle.fr\/index.php\/promos-en-cours-2\/","title":{"rendered":"Promos en cours"},"content":{"rendered":"\t\t<div data-elementor-type=\"wp-post\" data-elementor-id=\"381\" class=\"elementor elementor-381\" data-elementor-post-type=\"page\">\n\t\t\t\t\t\t<section class=\"elementor-section elementor-top-section elementor-element elementor-element-9c4968a elementor-section-boxed elementor-section-height-default elementor-section-height-default\" data-id=\"9c4968a\" data-element_type=\"section\">\n\t\t\t\t\t\t<div class=\"elementor-container elementor-column-gap-default\">\n\t\t\t\t\t<div class=\"elementor-column elementor-col-100 elementor-top-column elementor-element elementor-element-2f1479a\" data-id=\"2f1479a\" data-element_type=\"column\">\n\t\t\t<div class=\"elementor-widget-wrap elementor-element-populated\">\n\t\t\t\t\t\t<div class=\"elementor-element elementor-element-4ad44ff elementor-widget elementor-widget-heading\" data-id=\"4ad44ff\" data-element_type=\"widget\" data-settings=\"{&quot;_animation&quot;:&quot;none&quot;}\" data-widget_type=\"heading.default\">\n\t\t\t\t<div class=\"elementor-widget-container\">\n\t\t\t\t\t<h2 class=\"elementor-heading-title elementor-size-default\">Promotions 2025<\/h2>\t\t\t\t<\/div>\n\t\t\t\t<\/div>\n\t\t\t\t\t<\/div>\n\t\t<\/div>\n\t\t\t\t\t<\/div>\n\t\t<\/section>\n\t\t\t\t<section class=\"elementor-section elementor-top-section elementor-element elementor-element-77e5ee7 elementor-section-boxed elementor-section-height-default elementor-section-height-default\" data-id=\"77e5ee7\" data-element_type=\"section\">\n\t\t\t\t\t\t<div class=\"elementor-container elementor-column-gap-default\">\n\t\t\t\t\t<div class=\"elementor-column elementor-col-100 elementor-top-column elementor-element elementor-element-26c613f\" data-id=\"26c613f\" data-element_type=\"column\">\n\t\t\t<div class=\"elementor-widget-wrap elementor-element-populated\">\n\t\t\t\t\t\t<div class=\"elementor-element elementor-element-3beb9cd elementor-hidden-desktop elementor-hidden-tablet elementor-hidden-mobile elementor-widget elementor-widget-heading\" data-id=\"3beb9cd\" data-element_type=\"widget\" data-widget_type=\"heading.default\">\n\t\t\t\t<div class=\"elementor-widget-container\">\n\t\t\t\t\t<h2 class=\"elementor-heading-title elementor-size-default\">Bient\u00f4t de nouvelles offres avec l'arriv\u00e9e des beaux jours ....<\/h2>\t\t\t\t<\/div>\n\t\t\t\t<\/div>\n\t\t\t\t<div class=\"elementor-element elementor-element-2e707e8 elementor-widget elementor-widget-spacer\" data-id=\"2e707e8\" data-element_type=\"widget\" data-widget_type=\"spacer.default\">\n\t\t\t\t<div class=\"elementor-widget-container\">\n\t\t\t\t\t\t\t<div class=\"elementor-spacer\">\n\t\t\t<div class=\"elementor-spacer-inner\"><\/div>\n\t\t<\/div>\n\t\t\t\t\t\t<\/div>\n\t\t\t\t<\/div>\n\t\t\t\t<div class=\"elementor-element elementor-element-ab92999 elementor-widget elementor-widget-heading\" data-id=\"ab92999\" data-element_type=\"widget\" data-widget_type=\"heading.default\">\n\t\t\t\t<div class=\"elementor-widget-container\">\n\t\t\t\t\t<h2 class=\"elementor-heading-title elementor-size-default\">Promos de Noel !!!<\/h2>\t\t\t\t<\/div>\n\t\t\t\t<\/div>\n\t\t\t\t\t<\/div>\n\t\t<\/div>\n\t\t\t\t\t<\/div>\n\t\t<\/section>\n\t\t\t\t<section class=\"elementor-section elementor-top-section elementor-element elementor-element-a6a9f0a elementor-section-boxed elementor-section-height-default elementor-section-height-default\" data-id=\"a6a9f0a\" data-element_type=\"section\">\n\t\t\t\t\t\t<div class=\"elementor-container elementor-column-gap-default\">\n\t\t\t\t\t<div class=\"elementor-column elementor-col-100 elementor-top-column elementor-element elementor-element-7891f50\" data-id=\"7891f50\" data-element_type=\"column\">\n\t\t\t<div class=\"elementor-widget-wrap elementor-element-populated\">\n\t\t\t\t\t\t<div class=\"elementor-element elementor-element-1484341 elementor-widget elementor-widget-image\" data-id=\"1484341\" data-element_type=\"widget\" data-widget_type=\"image.default\">\n\t\t\t\t<div class=\"elementor-widget-container\">\n\t\t\t\t\t\t\t\t\t\t\t\t\t\t\t\t<a href=\"https:\/\/christelleesthetique-lachapelle.fr\/wp-content\/uploads\/2025\/10\/297x2102plisroule-Recto-OK-small.jpg\" data-elementor-open-lightbox=\"yes\" data-elementor-lightbox-title=\"Flyer de no\u00ebl 2025 recto\" data-e-action-hash=\"#elementor-action%3Aaction%3Dlightbox%26settings%3DeyJpZCI6MTk5OSwidXJsIjoiaHR0cHM6XC9cL2NocmlzdGVsbGVlc3RoZXRpcXVlLWxhY2hhcGVsbGUuZnJcL3dwLWNvbnRlbnRcL3VwbG9hZHNcLzIwMjVcLzEwXC8yOTd4MjEwMnBsaXNyb3VsZS1SZWN0by1PSy1zbWFsbC5qcGcifQ%3D%3D\">\n\t\t\t\t\t\t\t<img fetchpriority=\"high\" decoding=\"async\" width=\"900\" height=\"635\" src=\"https:\/\/christelleesthetique-lachapelle.fr\/wp-content\/uploads\/2025\/10\/297x2102plisroule-Recto-OK-small-1024x722.jpg\" class=\"attachment-large size-large wp-image-1999\" alt=\"Flyer de no\u00ebl 2025 recto\" srcset=\"https:\/\/christelleesthetique-lachapelle.fr\/wp-content\/uploads\/2025\/10\/297x2102plisroule-Recto-OK-small-1024x722.jpg 1024w, https:\/\/christelleesthetique-lachapelle.fr\/wp-content\/uploads\/2025\/10\/297x2102plisroule-Recto-OK-small-300x212.jpg 300w, https:\/\/christelleesthetique-lachapelle.fr\/wp-content\/uploads\/2025\/10\/297x2102plisroule-Recto-OK-small-768x542.jpg 768w, https:\/\/christelleesthetique-lachapelle.fr\/wp-content\/uploads\/2025\/10\/297x2102plisroule-Recto-OK-small-150x106.jpg 150w, https:\/\/christelleesthetique-lachapelle.fr\/wp-content\/uploads\/2025\/10\/297x2102plisroule-Recto-OK-small.jpg 1518w\" sizes=\"(max-width: 900px) 100vw, 900px\" \/>\t\t\t\t\t\t\t\t<\/a>\n\t\t\t\t\t\t\t\t\t\t\t\t\t\t\t<\/div>\n\t\t\t\t<\/div>\n\t\t\t\t<div class=\"elementor-element elementor-element-51aafcd elementor-widget elementor-widget-image\" data-id=\"51aafcd\" data-element_type=\"widget\" data-widget_type=\"image.default\">\n\t\t\t\t<div class=\"elementor-widget-container\">\n\t\t\t\t\t\t\t\t\t\t\t\t\t\t\t\t<a href=\"https:\/\/christelleesthetique-lachapelle.fr\/wp-content\/uploads\/2025\/10\/297x2102plisroule-Verso-ok-small.jpg\" data-elementor-open-lightbox=\"yes\" data-elementor-lightbox-title=\"Flyer de no\u00ebl 2025 verso\" data-e-action-hash=\"#elementor-action%3Aaction%3Dlightbox%26settings%3DeyJpZCI6MjAwMCwidXJsIjoiaHR0cHM6XC9cL2NocmlzdGVsbGVlc3RoZXRpcXVlLWxhY2hhcGVsbGUuZnJcL3dwLWNvbnRlbnRcL3VwbG9hZHNcLzIwMjVcLzEwXC8yOTd4MjEwMnBsaXNyb3VsZS1WZXJzby1vay1zbWFsbC5qcGcifQ%3D%3D\">\n\t\t\t\t\t\t\t<img decoding=\"async\" width=\"900\" height=\"635\" src=\"https:\/\/christelleesthetique-lachapelle.fr\/wp-content\/uploads\/2025\/10\/297x2102plisroule-Verso-ok-small-1024x722.jpg\" class=\"attachment-large size-large wp-image-2000\" alt=\"Flyer de no\u00ebl 2025 verso\" srcset=\"https:\/\/christelleesthetique-lachapelle.fr\/wp-content\/uploads\/2025\/10\/297x2102plisroule-Verso-ok-small-1024x722.jpg 1024w, https:\/\/christelleesthetique-lachapelle.fr\/wp-content\/uploads\/2025\/10\/297x2102plisroule-Verso-ok-small-300x211.jpg 300w, https:\/\/christelleesthetique-lachapelle.fr\/wp-content\/uploads\/2025\/10\/297x2102plisroule-Verso-ok-small-768x541.jpg 768w, https:\/\/christelleesthetique-lachapelle.fr\/wp-content\/uploads\/2025\/10\/297x2102plisroule-Verso-ok-small-150x106.jpg 150w, https:\/\/christelleesthetique-lachapelle.fr\/wp-content\/uploads\/2025\/10\/297x2102plisroule-Verso-ok-small.jpg 1517w\" sizes=\"(max-width: 900px) 100vw, 900px\" \/>\t\t\t\t\t\t\t\t<\/a>\n\t\t\t\t\t\t\t\t\t\t\t\t\t\t\t<\/div>\n\t\t\t\t<\/div>\n\t\t\t\t\t<\/div>\n\t\t<\/div>\n\t\t\t\t\t<\/div>\n\t\t<\/section>\n\t\t\t\t<section class=\"elementor-section elementor-top-section elementor-element elementor-element-e7e20d6 elementor-hidden-desktop elementor-hidden-tablet elementor-hidden-mobile elementor-section-boxed elementor-section-height-default elementor-section-height-default\" data-id=\"e7e20d6\" data-element_type=\"section\">\n\t\t\t\t\t\t<div class=\"elementor-container elementor-column-gap-default\">\n\t\t\t\t\t<div class=\"elementor-column elementor-col-50 elementor-top-column elementor-element elementor-element-8ad42f6\" data-id=\"8ad42f6\" data-element_type=\"column\">\n\t\t\t<div class=\"elementor-widget-wrap elementor-element-populated\">\n\t\t\t\t\t\t<div class=\"elementor-element elementor-element-7f7d3a2 elementor-widget elementor-widget-heading\" data-id=\"7f7d3a2\" data-element_type=\"widget\" data-widget_type=\"heading.default\">\n\t\t\t\t<div class=\"elementor-widget-container\">\n\t\t\t\t\t<h2 class=\"elementor-heading-title elementor-size-default\">F\u00eates des m\u00e8res 2022<\/h2>\t\t\t\t<\/div>\n\t\t\t\t<\/div>\n\t\t\t\t\t<\/div>\n\t\t<\/div>\n\t\t\t\t<div class=\"elementor-column elementor-col-50 elementor-top-column elementor-element elementor-element-bf440a9\" data-id=\"bf440a9\" data-element_type=\"column\" data-settings=\"{&quot;background_background&quot;:&quot;classic&quot;}\">\n\t\t\t<div class=\"elementor-widget-wrap elementor-element-populated\">\n\t\t\t\t\t\t<div class=\"elementor-element elementor-element-ab46bad elementor-widget elementor-widget-heading\" data-id=\"ab46bad\" data-element_type=\"widget\" data-widget_type=\"heading.default\">\n\t\t\t\t<div class=\"elementor-widget-container\">\n\t\t\t\t\t<h2 class=\"elementor-heading-title elementor-size-default\">-10% sur tous les soins \n<br> + 1 cadeau offert !!<\/h2>\t\t\t\t<\/div>\n\t\t\t\t<\/div>\n\t\t\t\t\t<\/div>\n\t\t<\/div>\n\t\t\t\t\t<\/div>\n\t\t<\/section>\n\t\t\t\t<section class=\"elementor-section elementor-top-section elementor-element elementor-element-23d4a7d elementor-hidden-desktop elementor-hidden-tablet elementor-hidden-mobile elementor-section-boxed elementor-section-height-default elementor-section-height-default\" data-id=\"23d4a7d\" data-element_type=\"section\">\n\t\t\t\t\t\t<div class=\"elementor-container elementor-column-gap-default\">\n\t\t\t\t\t<div class=\"elementor-column elementor-col-50 elementor-top-column elementor-element elementor-element-19f49f3\" data-id=\"19f49f3\" data-element_type=\"column\">\n\t\t\t<div class=\"elementor-widget-wrap elementor-element-populated\">\n\t\t\t\t\t\t<div class=\"elementor-element elementor-element-a87f53a elementor-widget elementor-widget-image\" data-id=\"a87f53a\" data-element_type=\"widget\" data-widget_type=\"image.default\">\n\t\t\t\t<div class=\"elementor-widget-container\">\n\t\t\t\t\t\t\t\t\t\t\t\t\t\t\t<img decoding=\"async\" width=\"900\" height=\"575\" src=\"https:\/\/christelleesthetique-lachapelle.fr\/wp-content\/uploads\/2022\/05\/image0000011.jpg\" class=\"attachment-large size-large wp-image-1776\" alt=\"\" srcset=\"https:\/\/christelleesthetique-lachapelle.fr\/wp-content\/uploads\/2022\/05\/image0000011.jpg 1023w, https:\/\/christelleesthetique-lachapelle.fr\/wp-content\/uploads\/2022\/05\/image0000011-300x192.jpg 300w, https:\/\/christelleesthetique-lachapelle.fr\/wp-content\/uploads\/2022\/05\/image0000011-768x491.jpg 768w, https:\/\/christelleesthetique-lachapelle.fr\/wp-content\/uploads\/2022\/05\/image0000011-150x96.jpg 150w\" sizes=\"(max-width: 900px) 100vw, 900px\" \/>\t\t\t\t\t\t\t\t\t\t\t\t\t\t\t<\/div>\n\t\t\t\t<\/div>\n\t\t\t\t\t<\/div>\n\t\t<\/div>\n\t\t\t\t<div class=\"elementor-column elementor-col-50 elementor-top-column elementor-element elementor-element-cb0bd5e\" data-id=\"cb0bd5e\" data-element_type=\"column\">\n\t\t\t<div class=\"elementor-widget-wrap elementor-element-populated\">\n\t\t\t\t\t\t<div class=\"elementor-element elementor-element-c5065c0 elementor-widget elementor-widget-image\" data-id=\"c5065c0\" data-element_type=\"widget\" data-widget_type=\"image.default\">\n\t\t\t\t<div class=\"elementor-widget-container\">\n\t\t\t\t\t\t\t\t\t\t\t\t\t\t\t<img loading=\"lazy\" decoding=\"async\" width=\"900\" height=\"675\" src=\"https:\/\/christelleesthetique-lachapelle.fr\/wp-content\/uploads\/2022\/05\/Christelle.jpg\" class=\"attachment-large size-large wp-image-1775\" alt=\"\" srcset=\"https:\/\/christelleesthetique-lachapelle.fr\/wp-content\/uploads\/2022\/05\/Christelle.jpg 1024w, https:\/\/christelleesthetique-lachapelle.fr\/wp-content\/uploads\/2022\/05\/Christelle-300x225.jpg 300w, https:\/\/christelleesthetique-lachapelle.fr\/wp-content\/uploads\/2022\/05\/Christelle-768x576.jpg 768w, https:\/\/christelleesthetique-lachapelle.fr\/wp-content\/uploads\/2022\/05\/Christelle-150x113.jpg 150w\" sizes=\"(max-width: 900px) 100vw, 900px\" \/>\t\t\t\t\t\t\t\t\t\t\t\t\t\t\t<\/div>\n\t\t\t\t<\/div>\n\t\t\t\t\t<\/div>\n\t\t<\/div>\n\t\t\t\t\t<\/div>\n\t\t<\/section>\n\t\t\t\t<section class=\"elementor-section elementor-top-section elementor-element elementor-element-287e9e4 elementor-section-boxed elementor-section-height-default elementor-section-height-default\" data-id=\"287e9e4\" data-element_type=\"section\">\n\t\t\t\t\t\t<div class=\"elementor-container elementor-column-gap-default\">\n\t\t\t\t\t<div class=\"elementor-column elementor-col-100 elementor-top-column elementor-element elementor-element-a5c8947\" data-id=\"a5c8947\" data-element_type=\"column\" data-settings=\"{&quot;background_background&quot;:&quot;classic&quot;}\">\n\t\t\t<div class=\"elementor-widget-wrap elementor-element-populated\">\n\t\t\t\t\t\t<div class=\"elementor-element elementor-element-bf72866 elementor-widget elementor-widget-heading\" data-id=\"bf72866\" data-element_type=\"widget\" data-widget_type=\"heading.default\">\n\t\t\t\t<div class=\"elementor-widget-container\">\n\t\t\t\t\t<h2 class=\"elementor-heading-title elementor-size-default\">Pour les f\u00eates de fin d'ann\u00e9e : 1 cadeau offert !!\n<br>  Pour tout achat d'une carte cadeau <\/h2>\t\t\t\t<\/div>\n\t\t\t\t<\/div>\n\t\t\t\t\t<\/div>\n\t\t<\/div>\n\t\t\t\t\t<\/div>\n\t\t<\/section>\n\t\t\t\t<section class=\"elementor-section elementor-top-section elementor-element elementor-element-1047af0 elementor-section-boxed elementor-section-height-default elementor-section-height-default\" data-id=\"1047af0\" data-element_type=\"section\">\n\t\t\t\t\t\t<div class=\"elementor-container elementor-column-gap-default\">\n\t\t\t\t\t<div class=\"elementor-column elementor-col-100 elementor-top-column elementor-element elementor-element-d04f40b\" data-id=\"d04f40b\" data-element_type=\"column\">\n\t\t\t<div class=\"elementor-widget-wrap elementor-element-populated\">\n\t\t\t\t\t\t<div class=\"elementor-element elementor-element-ca19648 elementor-widget-divider--view-line elementor-widget elementor-widget-divider\" data-id=\"ca19648\" data-element_type=\"widget\" data-widget_type=\"divider.default\">\n\t\t\t\t<div class=\"elementor-widget-container\">\n\t\t\t\t\t\t\t<div class=\"elementor-divider\">\n\t\t\t<span class=\"elementor-divider-separator\">\n\t\t\t\t\t\t<\/span>\n\t\t<\/div>\n\t\t\t\t\t\t<\/div>\n\t\t\t\t<\/div>\n\t\t\t\t\t<\/div>\n\t\t<\/div>\n\t\t\t\t\t<\/div>\n\t\t<\/section>\n\t\t\t\t<section class=\"elementor-section elementor-top-section elementor-element elementor-element-a3a4e50 elementor-section-boxed elementor-section-height-default elementor-section-height-default\" data-id=\"a3a4e50\" data-element_type=\"section\">\n\t\t\t\t\t\t<div class=\"elementor-container elementor-column-gap-default\">\n\t\t\t\t\t<div class=\"elementor-column elementor-col-50 elementor-top-column elementor-element elementor-element-435b35b\" data-id=\"435b35b\" data-element_type=\"column\">\n\t\t\t<div class=\"elementor-widget-wrap elementor-element-populated\">\n\t\t\t\t\t\t<div class=\"elementor-element elementor-element-07f0ddc animated-slow elementor-invisible elementor-widget elementor-widget-image\" data-id=\"07f0ddc\" data-element_type=\"widget\" data-settings=\"{&quot;_animation&quot;:&quot;rollIn&quot;,&quot;_animation_delay&quot;:1000}\" data-widget_type=\"image.default\">\n\t\t\t\t<div class=\"elementor-widget-container\">\n\t\t\t\t\t\t\t\t\t\t\t\t\t\t\t<img loading=\"lazy\" decoding=\"async\" width=\"600\" height=\"286\" src=\"https:\/\/christelleesthetique-lachapelle.fr\/wp-content\/uploads\/2020\/01\/Carte_cadeau_recto_210x100_version2019_decoupe_600.jpg\" class=\"attachment-full size-full wp-image-1262\" alt=\"\" srcset=\"https:\/\/christelleesthetique-lachapelle.fr\/wp-content\/uploads\/2020\/01\/Carte_cadeau_recto_210x100_version2019_decoupe_600.jpg 600w, https:\/\/christelleesthetique-lachapelle.fr\/wp-content\/uploads\/2020\/01\/Carte_cadeau_recto_210x100_version2019_decoupe_600-300x143.jpg 300w, https:\/\/christelleesthetique-lachapelle.fr\/wp-content\/uploads\/2020\/01\/Carte_cadeau_recto_210x100_version2019_decoupe_600-150x72.jpg 150w, https:\/\/christelleesthetique-lachapelle.fr\/wp-content\/uploads\/2020\/01\/Carte_cadeau_recto_210x100_version2019_decoupe_600-350x167.jpg 350w\" sizes=\"(max-width: 600px) 100vw, 600px\" \/>\t\t\t\t\t\t\t\t\t\t\t\t\t\t\t<\/div>\n\t\t\t\t<\/div>\n\t\t\t\t\t<\/div>\n\t\t<\/div>\n\t\t\t\t<div class=\"elementor-column elementor-col-50 elementor-top-column elementor-element elementor-element-7c370a7\" data-id=\"7c370a7\" data-element_type=\"column\">\n\t\t\t<div class=\"elementor-widget-wrap elementor-element-populated\">\n\t\t\t\t\t\t<div class=\"elementor-element elementor-element-230ca6b animated-slow elementor-invisible elementor-widget elementor-widget-heading\" data-id=\"230ca6b\" data-element_type=\"widget\" data-settings=\"{&quot;_animation&quot;:&quot;fadeInRight&quot;,&quot;_animation_delay&quot;:2500}\" data-widget_type=\"heading.default\">\n\t\t\t\t<div class=\"elementor-widget-container\">\n\t\t\t\t\t<h2 class=\"elementor-heading-title elementor-size-default\">Pensez \u00e0 offrir la carte cadeau<\/h2>\t\t\t\t<\/div>\n\t\t\t\t<\/div>\n\t\t\t\t\t<\/div>\n\t\t<\/div>\n\t\t\t\t\t<\/div>\n\t\t<\/section>\n\t\t\t\t<\/div>\n\t\t","protected":false},"excerpt":{"rendered":"<p>Promotions 2025 Bient\u00f4t de nouvelles offres avec l&rsquo;arriv\u00e9e des beaux jours &#8230;. Promos de Noel !!! F\u00eates des m\u00e8res 2022 -10% sur tous les soins + 1 cadeau offert !! Pour les f\u00eates de fin d&rsquo;ann\u00e9e : 1 cadeau offert !! Pour tout achat d&rsquo;une carte cadeau Pensez \u00e0 offrir\u2026<\/p>\n<p> <a class=\"continue-reading-link\" href=\"https:\/\/christelleesthetique-lachapelle.fr\/index.php\/promos-en-cours-2\/\"><span>Continue reading<\/span><i class=\"crycon-right-dir\"><\/i><\/a> <\/p>\n","protected":false},"author":1,"featured_media":0,"parent":0,"menu_order":0,"comment_status":"closed","ping_status":"closed","template":"elementor_header_footer","meta":{"footnotes":""},"class_list":["post-381","page","type-page","status-publish","hentry"],"_links":{"self":[{"href":"https:\/\/christelleesthetique-lachapelle.fr\/index.php\/wp-json\/wp\/v2\/pages\/381","targetHints":{"allow":["GET"]}}],"collection":[{"href":"https:\/\/christelleesthetique-lachapelle.fr\/index.php\/wp-json\/wp\/v2\/pages"}],"about":[{"href":"https:\/\/christelleesthetique-lachapelle.fr\/index.php\/wp-json\/wp\/v2\/types\/page"}],"author":[{"embeddable":true,"href":"https:\/\/christelleesthetique-lachapelle.fr\/index.php\/wp-json\/wp\/v2\/users\/1"}],"replies":[{"embeddable":true,"href":"https:\/\/christelleesthetique-lachapelle.fr\/index.php\/wp-json\/wp\/v2\/comments?post=381"}],"version-history":[{"count":173,"href":"https:\/\/christelleesthetique-lachapelle.fr\/index.php\/wp-json\/wp\/v2\/pages\/381\/revisions"}],"predecessor-version":[{"id":2024,"href":"https:\/\/christelleesthetique-lachapelle.fr\/index.php\/wp-json\/wp\/v2\/pages\/381\/revisions\/2024"}],"wp:attachment":[{"href":"https:\/\/christelleesthetique-lachapelle.fr\/index.php\/wp-json\/wp\/v2\/media?parent=381"}],"curies":[{"name":"wp","href":"https:\/\/api.w.org\/{rel}","templated":true}]}}